f p?
9
Let s = -68 + 78. Suppose -12*q = -13*q + s. What is the units digit of q?
0
Let w be (-5)/(-5) + -2 - -3. Suppose -w*z + 2 = -0. What is the units digit of z?
1
Let v = -13 + 19. Suppose -v*d + 0*d + 204 = 0. What is the tens digit of d?
3
Suppose 339*i - 348*i + 3609 = 0. What is the tens digit of i?
0
Suppose 3*c + 1 = 10. Suppose 5*l - i - 91 = 0, -5*l - 2*i - c*i + 115 = 0. What is the tens digit of l?
1
Suppose 2*n - 69 = -n. Suppose 93 = 3*c - 0*c + 3*w, -31 = -c - 4*w. Suppose 0 = 5*p - t - n, 5*p - c = 4*t - 7*t. What is the units digit of p?
5
Let k(x) = x - 11. Suppose -6*n + n = -75. Let l be k(n). Suppose -w + 12 = -l*h - 0*h, 0 = 5*w + h - 123. What is the units digit of w?
4
Let q(t) = -t**2 + 5*t + 2154. What is the tens digit of q(0)?
5
Suppose 12*b - 15 = 7*b. Suppose -438 = -b*h - 3*h. Let o = h - 37. What is the tens digit of o?
3
Let c = -37 + 12. Let l = c + 28. What is the units digit of (-21 + -2)/(l/(-9))?
9
Suppose 2*i + 5*o - 15 = -0*i, -5*i + 2*o = -23. Suppose 2*h - 8 = 0, 5*h + 373 = -i*f + 8*f. What is the hundreds digit of f?
1
What is the hundreds digit of (-28)/1*((-48)/6 - 122)?
6
Let v(s) = 46*s + 15*s - 10*s + 4. What is the units digit of v(3)?
7
Let f(k) = -k**3 + 8*k**2 + 5. Let v be f(8). Suppose 0 = 7*a - 2*a + 3*x - 165, x = -4*a + 125. What is the units digit of (v/2 + -2)*a?
5
What is the hundreds digit of ((-9)/72*-8)/((-4)/(-10052))?
5
Let t be 2 + (-7 - (0 - 3)). What is the tens digit of (-1120)/(-18) + t/9?
6
Let g(n) = -n**3 + 17*n - 15. Let t be 5/(75/(-96)) + 12/(-20). What is the tens digit of g(t)?
0
Let y(c) = c**3 - 4*c + 1. Let h be y(-2). Let j(w) = 190*w**3 - w + 1. What is the units digit of j(h)?
0
Suppose 2 - 6 = -a, 0 = -2*h - 2*a + 14. Suppose -h*u - t = 49 - 184, u - 37 = -3*t. What is the tens digit of u?
4
Let i = 1 - 23. What is the units digit of i - -18 - (-67 + -1)?
4
Suppose 2*y - 14 = -5*y. Suppose 4*p + b = 489, -y*b + 232 = 2*p - 20. What is the tens digit of p?
2
Let f(k) = -292*k + 319. What is the tens digit of f(-7)?
6
Let u(p) be the first derivative of p**4/24 + 13*p**3/6 + 7*p**2/2 - 12. Let o(j) be the second derivative of u(j). What is the units digit of o(19)?
2
Suppose 514 = 4*k - t - t, -5*t = 5*k - 605. What is the units digit of k?
6
Let a = 23 + -19. Suppose -4*d + 55 = 3*y - 2, -a*d + 63 = -3*y. What is the units digit of d?
5
Let n be (1 - (-4)/(-3))*0. Suppose -4*t + 8 = -n*t. Suppose -110 - 50 = -4*p + 4*y, t*p + 4*y = 50. What is the units digit of p?
5
Let l = 5463 + -1727. What is the thousands digit of l?
3
What is the hundreds digit of 8275/5 + (10 - 19)?
6
Let h = 112 - -46. Let w = h + -104. Let y = w + -33. What is the tens digit of y?
2
Suppose 155 = 2*k - 0*b - 3*b, 2*k + 4*b - 134 = 0. Suppose k*s = 70*s + 915. What is the units digit of s?
5
Let z be 1*(-4)/(-16)*-2*-8. Suppose 6*w - w = p + 805, 20 = z*p. What is the units digit of w?
2
Let b be (-3)/9*(-31 - 2). Suppose 0 = 3*h + 2*c + b, h + 2*c = -0*c - 5. What is the tens digit of 4/(-6)*h - -9?
1
Suppose -a - 4*k + 618 = 0, -2*a - 2*k + 1236 = -0*a. What is the units digit of a?
8
Suppose 5*z - 4 = 11. Let d be (0 - -9)*1/z. What is the units digit of 12 + 1/d*0?
2
Suppose -u = -4, -w + 3*u + 8 = 4*w. Suppose -4*p + q = 2*q + 147, -149 = w*p - q. Let m = p + 66. What is the units digit of m?
9
Let f(n) be the first derivative of 2*n**3/3 - n**2 - n + 2. Let h be f(2). Suppose h*j + 10 = 4*j. What is the tens digit of j?
1
Suppose -6*q + 34 + 14 = 0. Suppose -15 = -x + q. What is the units digit of x?
3
Suppose -3*r + 2*r = 115. Let q = r - -191. What is the units digit of q?
6
Let d(j) = 4*j**2 - 6*j + 4. What is the tens digit of d(5)?
7
Suppose -z = -5*z - 148. What is the units digit of (z/(-1))/(3 + -2)?
7
Let r(b) be the first derivative of -b**2/2 + 20*b + 4. Let i be r(18). Suppose -i*y - 2*o = -168, -8 + 0 = -4*o. What is the units digit of y?
2
Let i(t) = 13*t**3 + 2*t**2 - 3*t + 7. Let b be i(4). Suppose -4*z + b = -3*o, -z - 5*o - 3 = -189. What is the units digit of z?
1
Let d = 2742 + -2087. What is the tens digit of d?
5
Let g(f) = -f**2 - 9*f - 6. Let r be g(-8). Suppose -c - 47 = -r*c. What is the units digit of (c/(-2))/(6/(-12))?
7
Let d(o) = 19*o**3 + 2*o**2 - o. Let z be d(1). Suppose c - g + 5*g = 41, 4*g - z = 0. What is the units digit of c?
1
Suppose 3 = 2*v - 13. Let b(l) = l**3 - 6*l**2 - 9*l - 9. What is the tens digit of b(v)?
4
Suppose 12*w + 1585 = 17*w. What is the tens digit of w?
1
Suppose -8*o = -5*o - 2862. Suppose o = 9*d - 1305. What is the tens digit of d?
5
Let u = -3986 + 6061. What is the thousands digit of u?
2
Let a be (-8)/(16/4) - 4. Let r be ((-4)/a)/(5/15). Suppose -5*o = -4*s + 188, 68 = r*s + 4*o - 0*o. What is the tens digit of s?
4
Suppose 0 = 2*i + 2*i - 52. Suppose 84 = i*x - 11*x. What is the units digit of x?
2
Suppose 0 = -4*l + 3*l + 2*s, -4*l = 4*s. Suppose -8*p = -l*p - 960. What is the hundreds digit of p?
1
Suppose z = -5*z. Let d(q) = -q + 8. Let m be d(z). Suppose 5*c + m = 118. What is the tens digit of c?
2
Suppose 11806 + 17544 = 25*l. What is the hundreds digit of l?
1
Let j(h) = -h**3 + 35*h**2 + 54*h + 60. What is the units digit of j(36)?
8
Let k = 41 + -43. What is the units digit of (6/4 + k)/((-1)/156)?
8
Let u(f) = -f**3 + 16*f**2 - 19*f - 53. What is the units digit of u(10)?
7
Let r(l) = -l**2 + 7*l + 6. Let d be r(6). Suppose 3*p = 3*u + d, -3 - 3 = -2*p + u. Suppose 0 = p*f - 9 - 35. What is the units digit of f?
2
Suppose -3*q = -4*q + 3. What is the tens digit of (q + 12/(-8))*12?
1
Suppose -2*w = 4, 3*l - 5*w - 14 = -w. Suppose 0 = l*i + 3*h - 59, 2*h = -2*h - 4. What is the tens digit of i?
3
Suppose -2560 = -4*y + 4*s, -5*y - 5*s + 995 = -2245. What is the tens digit of y?
4
Let n be (-1)/(-4)*(3360 + 4). Let a = -594 + n. What is the units digit of a?
7
Let k = -412 - -2047. What is the tens digit of k?
3
Let x(h) = 18*h + 8. Suppose -5*z = -2*z - 24. What is the tens digit of x(z)?
5
Let m(y) = 7*y**3 - 5*y**2 + 3*y + 110. What is the thousands digit of m(9)?
4
Let z = 3040 - 1705. What is the units digit of z?
5
Let c = -16 - -16. Let g = c + 4. Suppose -g*p + 38 + 42 = 0. What is the units digit of p?
0
Let k = -8 + 60. Let p = k + -14. What is the tens digit of p?
3
Let v = -5025 - -7217. What is the hundreds digit of v?
1
Suppose -51*u + 102153 = -34476. What is the tens digit of u?
7
Let n(o) = o - 2*o**2 + 0*o + o**2 - 2*o**2 + o**3 - 1. Let a be n(4). Let w = a - -1. What is the units digit of w?
0
Let k = -234 - -242. What is the units digit of k?
8
Suppose -16 = 3*o + 56. Let n = o + 32. What is the units digit of n?
8
Let m be ((-32)/(-24))/(4/9). Suppose 3*n - 144 = -3*s, m*s - 48 - 96 = -5*n. What is the units digit of s?
8
Suppose 0 = 2*k + 3042 - 9416. What is the tens digit of k?
8
Let w(n) = -n + 9. Let u be w(5). Suppose 0 = u*d + 2*q - 172 + 6, d - 4*q = 64. What is the tens digit of d?
4
Suppose 8*s - 9*s = -1, -4*b + 2439 = -5*s. What is the hundreds digit of b?
6
Suppose -3*b + 4*o = 7, -1 = -0*b - 3*b + 2*o. Suppose 3*a + 0 = 6. Suppose -2*u - d = 4*d - 73, 126 = b*u + a*d. What is the units digit of u?
4
Suppose 0 = -2*g - 2*g + 16. Suppose -4*u + g*d + 18 = -u, -3*u = -3*d - 21. Suppose -i + 0 + u = j, 4*i - 46 = -5*j. What is the units digit of j?
6
Let t be -4 - -1 - -11*1. Let c(p) = -t*p**2 + 14*p**2 + 2 - 3*p**2 + 3*p. What is the units digit of c(2)?
0
Let y(x) = -13*x**3 + 4*x**2 + 6*x - 1. Suppose 2*m + 2 = -3*t, m - 4*m = -6. What is the units digit of y(t)?
7
Let x(p) = p**2 + 3*p + 8. Let m be x(-4). What is the tens digit of m/9*(-30)/(-1)?
4
Suppose -4*m = 2*v - 928, 230 - 926 = -3*m + 4*v. What is the tens digit of m?
3
What is the hundreds digit of (719 - 28/(-7)) + 5?
7
Suppose -4*c + 5*m = -331, 4*c + 4*m - 340 = -0*m. Let h(n) = -2*n - 8. Let y be h(15). Let j = c + y. What is the units digit of j?
6
Let a = -891 + 2187. What is the tens digit of a?
9
Let s = 1030 + -700. What is the units digit of s?
0
What is the hundreds digit of (-19 - -4)*-25 + -11?
3
Suppose 9 = 2*h + h. Suppose 5*z + h*i - 25 = 8*i, -z - 1 = 5*i. Suppose z*x = 16, 3*x - 6*x = -5*y - 2. What is the units digit of y?
2
Suppose 5*a + q = -0*a + 6, -4*a + 2*q + 2 = 0. What is 